irst derivative of 65*q**3/3 - q**2 + 2*q + 84. What is the units digit of k(1)?
5
Suppose -3*s + 280 = -209. Let k = -137 + s. What is the tens digit of k?
2
Let l = 554 - 400. Let z = 706 - l. What is the units digit of z?
2
Let n be 6 + (-14)/(-7) - (-1 + -3). Suppose 1164 = n*a - 480. What is the tens digit of a?
3
Suppose 2*b = 2*l - 6571 - 10715, 0 = 5*b - 30. What is the tens digit of l?
4
Suppose 0 = 5*r - 226 - 169. Let h = r + -66. What is the tens digit of h?
1
Suppose -10*p + 854524 = -0*p + 261244. What is the thousands digit of p?
9
Let z(w) = 17*w**2 + 1. Suppose t - 1 + 4 = 0. Let f be z(t). Suppose f = 3*u - 83. What is the tens digit of u?
7
Let c be (-33)/(-42)*6 + 2/7. Suppose 12*h - c = -5. Suppose -5*p + 5*t + 329 + 611 = h, -2*p = -5*t - 370. What is the tens digit of p?
9
Let j be ((-3078)/(-135))/(6/20). Let s(n) = 2*n**2 - 4. Let a be s(-5). Let u = j - a. What is the units digit of u?
0
Let c be 2/4*-4*(-4)/2. Let m(t) = 143*t - 137. What is the units digit of m(c)?
5
Let i(z) = -z**3 - 21*z**2 - 36*z + 43. Let t be i(-19). Suppose -t*a + 3 = -17, a + 3971 = 5*n. What is the units digit of n?
5
Let c = -49 + 59. Let b(x) = 20*x**2 - 77*x + 33. Let h(v) = -7*v**2 + 26*v - 11. Let r(o) = 4*b(o) + 11*h(o). What is the units digit of r(c)?
1
Let s be 20 + 3/3 - 1. Suppose 452 = -7*w + 2517. What is the units digit of w/s + (-1)/(-4)?
5
Let o = 61586 - 28421. What is the ten thousands digit of o?
3
Suppose 217923 + 453590 = 71*r + 72983. What is the thousands digit of r?
8
Suppose 163 = -14*o + 79. What is the hundreds digit of 15669/15 + 9 + o/10?
0
Let o(b) be the first derivative of -18*b**2 + 4*b - 146. What is the hundreds digit of o(-34)?
2
Let a = -2584 - -1811. Let j = 1429 + a. What is the hundreds digit of j?
6
Suppose -8*d + 14 = -42. Suppose d*o + 32 = -o. Let w(i) = -39*i + 4. What is the hundreds digit of w(o)?
1
Let u be (-4)/(-26) - 6/39. Suppose 0 = -2*z, 3*z = 3*f - u - 12. Suppose 5*b - f*b - 2*o = 77, -5*b + 407 = o. What is the tens digit of b?
8
What is the units digit of 86404571/1324 - (2/4 + 3/(-12))?
0
Let i = -861 + 856. What is the tens digit of i - (-97)/2*(52 + -26)?
5
Let c(r) = 4*r - 17. Let w = 136 - 130. Let a be c(w). Let q(f) = f**3 - 5*f**2 + 9*f - 7. What is the units digit of q(a)?
4
Let x = 3574 - -17278. What is the thousands digit of x?
0
Suppose 5*c = -3*j + 295177, -353*c + 354*c - 59034 = -2*j. What is the tens digit of c?
3
Suppose 9 = 3*x, 177*u - 2*x = 175*u + 4778. What is the tens digit of u?
9
Let c(u) = 12*u**2 + 24*u + 30. Let g be c(-14). Let l = -775 + g. What is the units digit of l?
1
Let o = 484 - 326. Let m = o + -58. What is the hundreds digit of m?
1
Let t = 1064 + -497. Suppose -3*v + t = 3*b, 3*v - 885 + 314 = b. What is the hundreds digit of v?
1
Let v(c) be the second derivative of c**4/4 - 5*c**3/2 + 11*c**2/2 - 57*c. What is the tens digit of v(7)?
5
Let x(y) = 92*y**2 + 3212*y + 92. What is the tens digit of x(-42)?
7
What is the units digit of 14/63 - -1985*224/63?
8
Let n = -35 + 37. Suppose -3*a - n*a = 0. Suppose -q + 18 = 2*r, a*q - 2*q + 36 = -4*r. What is the tens digit of q?
1
Suppose -14*m = 5*m - 58444. Suppose 6*w - 5*n - 3830 = w, 4*w = -2*n + m. What is the units digit of w?
8
Let s = 69579 - 30713. What is the thousands digit of s?
8
Suppose -4*w + 2463*z + 7478 = 2464*z, -5*w + 4*z = -9379. What is the hundreds digit of w?
8
Let f = -136 + 144. Suppose f*p + 533 = 2157. What is the units digit of p?
3
Suppose 65*i + 66*i = 147*i - 675056. What is the units digit of i?
1
Let w(y) = 138*y - 20. Let c be w(-15). What is the hundreds digit of (1 + 28/(-20))*c?
8
Let a be (-3)/(-9) + (-16)/12 + 3. Suppose -x + 0 = -a. What is the tens digit of (-528)/(-18) - x - 2/(-3)?
2
What is the tens digit of (349760/400)/((-32)/(-30) + (-4)/6)?
8
Let j = -3437 - -6706. What is the hundreds digit of j?
2
Let b = 1122 + -2358. What is the hundreds digit of (9/(-6))/(2/b)?
9
Let s(q) = 577*q**2 - 25*q - 65. What is the tens digit of s(-3)?
0
Suppose -4*n - v + 9 + 11 = 0, -2*v - 4 = -3*n. What is the hundreds digit of (626/n)/(-7*6/(-84))?
3
Let t be (20/(-3))/((-50)/10425). Let c = -657 + t. What is the hundreds digit of c?
7
Let v(t) be the second derivative of -41*t**3/2 + 29*t**2/2 + 174*t. What is the units digit of v(-3)?
8
Let p(n) = n**3 + 5479. Let j be p(0). Suppose 0 = 8*r - 2489 - j. What is the units digit of r?
6
Let z = 401 + 860. What is the units digit of z?
1
Let n = 484 + -242. Suppose 3*i - n - 147 = 2*t, -542 = -4*i - 2*t. What is the tens digit of i?
3
Let n(z) = -3*z - 5. Let r be n(-2). Let j be 44/(-11) + r*70. Let s = -46 + j. What is the units digit of s?
0
Suppose -3*m = -k - 37584, 0 = -6*m + 10*m - 4*k - 50104. What is the thousands digit of m?
2
Let f be (-1)/(3/(-1515)) + 4. Let x = -245 + f. What is the hundreds digit of x?
2
Let n(z) = -2*z**2 + 5*z + 7. Let i be n(-6). Suppose 5*b + 3*l - 80 = 0, 0 = -2*b - 0*b - 5*l + 13. Let k = b - i. What is the hundreds digit of k?
1
Let w = 34182 - 20349. Suppose -13173 - w = -14*u. What is the thousands digit of u?
1
Let a(r) = 3*r**2 - 15*r + 14. Let n be a(9). Let d = -119 + n. Let o(m) = 6*m**2 + 7*m - 11. What is the tens digit of o(d)?
6
Let z(f) = 25*f**3 + 9*f**2 - 18*f + 48. What is the units digit of z(6)?
4
Suppose -4*z = -3*w - 20, w - 1 + 6 = z. Let a be 1/(-3) - 16/(-3). What is the units digit of (57/a + -3)*z?
2
Let i(g) = -1458*g - 271. What is the thousands digit of i(-9)?
2
Let s(d) = 392*d + 34. Let g(a) = -a + 47. Let v be g(45). What is the units digit of s(v)?
8
Let k = 23232 + -7450. What is the hundreds digit of k?
7
Suppose 18 = -16*x + 25*x. Suppose -y + 660 = x*t, 3*t - 2*y - 990 = -0*t. What is the tens digit of t?
3
What is the units digit of ((-14)/(-42))/(2/333879) + 15/30?
7
Suppose 3*f - 55 + 4 = 3*h, 2*f + 2*h = 22. Suppose f + 1 = 3*b. Suppose -362 = -b*w - 2. What is the units digit of w?
2
Let m be (-2 - 27) + -22 + 26. What is the tens digit of 9/15 - -1*(-2435)/m?
9
Let s(x) = -x**2 - 27*x - 116. Let m be s(-21). What is the hundreds digit of 17*m*(28/8 - -1)?
7
Let p be 6/(-4 + (-150)/(-37)) - -2. Suppose -2*h - p = -119. Suppose r = 2*l - 85, -h*r - 21 = -5*l + 191. What is the tens digit of l?
4
Let d = 798 - 730. What is the hundreds digit of -1884*(d/12 + 24/(-4))?
6
What is the units digit of (-1189713)/(-21) + 25 - 3?
5
Let o = 103 + -94. Suppose o*f - 2929 = -301. What is the units digit of f?
2
Let m = -140 + 154. Let b be (-604)/(-6) - (-10)/(-15). Let z = b - m. What is the tens digit of z?
8
What is the tens digit of (8320/(-5))/((-27)/540)?
8
What is the thousands digit of (-1868)/(4199/285 - 15)?
7
Let q = -51904 - -90954. What is the ten thousands digit of q?
3
Let w be -1 - (-15 + 3)/4*-1. Let m(g) = -g**3 - 2*g**2 + 6*g + 1. Let f be m(w). Let r = 62 - f. What is the tens digit of r?
5
Let o(n) = n**3 - 19*n**2 + 20*n - 33. Let s be o(18). Suppose 173 - 20 = s*a. What is the tens digit of a?
5
Suppose -60*n + 147334 = -49*n. What is the hundreds digit of n?
3
Suppose -2*f + v - 9 = -141, 0 = 4*f + 3*v - 264. Let w be f/(-7) - ((-276)/(-42) + -6). Let t = w + 130. What is the units digit of t?
0
Let t(b) = 3*b**3 - 18*b**2 + 27*b - 41. What is the thousands digit of t(23)?
7
Let r = -315 - -321. Suppose -3*y + 2032 = 2*s, 4*s - 2*y = -r*y + 4064. What is the hundreds digit of s?
0
Let c(o) = o**3 - 7*o**2 - 3*o + 14. Let v be c(8). Suppose -h + 2*n - v = -19, 3*n = 3. Let a = 53 + h. What is the units digit of a?
0
Let a be (3/(-2) - 10/(-40))*-4. Let p(m) = 10 - 4*m**3 - 3 + a*m**3 - 3*m + 15*m**2 + 8*m. What is the tens digit of p(-14)?
3
Let y(x) = 2689*x + 1045. What is the thousands digit of y(6)?
7
Let g(h) = -2*h**3 - 3*h**2 + 2. Let n be g(-3). Suppose 0 = -2*l + 4*z + 118, n - 157 = -2*l - z. What is the tens digit of l - (3 - 1)/6*-9?
6
Let j(d) = d + 17. Let b be j(6). Suppose -b*s = -18*s - 3135. What is the tens digit of s?
2
Let i be ((-18)/9)/(-2 + 0). Suppose 5*r - 4*d = 2*r + i, 3*d = -r + 22. Suppose 0 = -r*x + x + 336. What is the tens digit of x?
5
Let j = -7286 - -20699. What is the ten thousands digit of j?
1
Let h(f) = -f**3 + f**2 + 5. Let u be h(0). What is the units digit of ((-5432)/(-40))/1*u?
9
Le